te the remainder when 718360 is divided by 1241.
1062
Calculate the remainder when 726720 is divided by 508.
280
Calculate the remainder when 996128 is divided by 76.
72
Calculate the remainder when 141022356 is divided by 7.
6
What is the remainder when 1314943 is divided by 1314884?
59
What is the remainder when 4588234 is divided by 135?
124
Calculate the remainder when 3388563 is divided by 1714.
1699
Calculate the remainder when 1235004 is divided by 293.
9
What is the remainder when 1225761 is divided by 9001?
1625
What is the remainder when 4704950 is divided by 1882?
1832
Calculate the remainder when 68977901 is divided by 47.
43
Calculate the remainder when 15728 is divided by 10392.
5336
Calculate the remainder when 8252 is divided by 2061.
8
What is the remainder when 318770 is divided by 35379?
359
What is the remainder when 3384610 is divided by 1095?
1060
Calculate the remainder when 404426 is divided by 13941.
137
Calculate the remainder when 4104502 is divided by 27733.
18
What is the remainder when 32373 is divided by 510?
243
Calculate the remainder when 1475508 is divided by 163809.
1227
Calculate the remainder when 14129967 is divided by 2710.
27
What is the remainder when 1470486 is divided by 102?
54
Calculate the remainder when 441992 is divided by 268.
60
What is the remainder when 3675473 is divided by 739?
426
What is the remainder when 98302906 is divided by 1207?
1205
What is the remainder when 221773157 is divided by 1306?
1297
Calculate the remainder when 1117544 is divided by 34.
32
Calculate the remainder when 7314217 is divided by 257.
254
What is the remainder when 10040006 is divided by 542?
540
What is the remainder when 30353404 is divided by 10950?
4
What is the remainder when 169108 is divided by 168931?
177
What is the remainder when 396230307 is divided by 315?
312
What is the remainder when 3280201 is divided by 154?
1
Calculate the remainder when 38651 is divided by 2968.
67
Calculate the remainder when 49597 is divided by 5.
2
Calculate the remainder when 92090116 is divided by 46045053.
10
What is the remainder when 7991105 is divided by 332960?
65
Calculate the remainder when 723950 is divided by 1946.
38
What is the remainder when 74989612 is divided by 3647?
3645
What is the remainder when 14135329 is divided by 38?
13
Calculate the remainder when 1257199 is divided by 1257053.
146
What is the remainder when 12390139 is divided by 30?
19
What is the remainder when 2755343 is divided by 4894?
21
What is the remainder when 195064600 is divided by 19?
17
Calculate the remainder when 4575441 is divided by 1539.
1533
What is the remainder when 239993 is divided by 79152?
2537
Calculate the remainder when 502715 is divided by 45591.
1214
Calculate the remainder when 7769034 is divided by 17577.
0
What is the remainder when 21721 is divided by 3445?
1051
What is the remainder when 1590980 is divided by 2185?
300
Calculate the remainder when 26922551 is divided by 2055.
2051
What is the remainder when 1029638 is divided by 136?
118
What is the remainder when 2378750 is divided by 1375?
0
What is the remainder when 140580 is divided by 478?
48
What is the remainder when 157579 is divided by 4396?
3719
Calculate the remainder when 1042240 is divided by 28158.
394
What is the remainder when 30749253 is divided by 8058?
7983
Calculate the remainder when 195826 is divided by 2837.
73
What is the remainder when 30413125 is divided by 4758?
4747
Calculate the remainder when 1729701 is divided by 44.
17
What is the remainder when 1615011 is divided by 1615007?
4
What is the remainder when 13754416 is divided by 5535?
5476
What is the remainder when 126789 is divided by 9630?
1599
What is the remainder when 2720536 is divided by 906834?
34
What is the remainder when 396173 is divided by 132033?
74
Calculate the remainder when 6819840 is divided by 22.
16
Calculate the remainder when 190821 is divided by 190346.
475
What is the remainder when 956236 is divided by 159?
10
Calculate the remainder when 25623 is divided by 18.
9
What is the remainder when 492876 is divided by 1205?
31
Calculate the remainder when 279707 is divided by 2592.
2363
Calculate the remainder when 12643967 is divided by 59924.
3
Calculate the remainder when 163089 is divided by 6788.
177
Calculate the remainder when 450534 is divided by 12495.
714
Calculate the remainder when 5839195 is divided by 15.
10
Calculate the remainder when 243344 is divided by 12164.
64
Calculate the remainder when 47091576 is divided by 129.
126
Calculate the remainder when 642 is divided by 277.
88
What is the remainder when 844907607 is divided by 30?
27
What is the remainder when 23121018 is divided by 733?
732
What is the remainder when 12774840 is divided by 141942?
60
Calculate the remainder when 5360709 is divided by 29948.
17
Calculate the remainder when 109732 is divided by 1995.
7
Calculate the remainder when 23085948 is divided by 5771459.
112
Calculate the remainder when 6853 is divided by 695.
598
What is the remainder when 1112292 is divided by 769?
318
What is the remainder when 36870207 is divided by 12?
3
Calculate the remainder when 551693 is divided by 180.
173
Calculate the remainder when 23707146 is divided by 23707142.
4
Calculate the remainder when 1803842 is divided by 75159.
26
Calculate the remainder when 701968 is divided by 1127.
974
What is the remainder when 251415 is divided by 125684?
47
Calculate the remainder when 24506 is divided by 74.
12
What is the remainder when 18385493 is divided by 18385456?
37
What is the remainder when 301416 is divided by 2429?
220
Calculate the remainder when 1812076 is divided by 90603.
16
Calculate the remainder when 430084 is divided by 86016.
4
Calculate the remainder when 7160523 is divided by 1193360.
363
What is the remainder when 245857 is divided by 2235?
7
Calculate the remainder when 624961 is divided by 77978.
1137
Calculate the remainder when 554277 is divided by 50361.
306
What is the remainder when 129020 is divided by 1301?
221
What is the remainder when 344132243 is divided by 12?
11
Calculate the remainder when 19958693 is divided by 138.
29
Calculate the remainder when 75803137 is divided by 54.
43
Calculate the remainder when 14521754 is divided by 1115.
1109
What is the remainder when 71946215 is divided by 9822?
65
What is the remainder when 825096 is divided by 736?
40
What is the remainder when 3754785 is divided by 14841?
12
What is the remainder when 16437319 is divided by 5323?
5218
Calculate the remainder when 553362 is divided by 34.
12
Calculate the remainder when 4833978 is divided by 241697.
38
What is the remainder when 71272 is divided by 1097?
1064
What is the remainder when 2696023 is divided by 46?
9
What is the remainder when 626286 is divided by 76?
46
Calculate the remainder when 3846561 is divided by 480756.
513
What is the remainder when 1086892 is divided by 1297?
6
What is the remainder when 50176503 is divided by 10035296?
23
What is the remainder when 7858227 is divided by 374200?
27
Calculate the remainder when 3031597 is divided by 1120.
877
What is the remainder when 627498626 is divided by 483?
482
What is the remainder when 134364 is divided by 44054?
2202
Calculate the remainder when 32227019 is divided by 1367.
1361
Calculate the remainder when 2723122 is divided by 153.
28
What is the remainder when 543472 is divided by 77621?
125
Calculate the remainder when 316393 is divided by 6860.
833
What is the remainder when 143970 is divided by 447?
36
Calculate the remainder when 961846 is divided by 1647.
1645
Calculate the remainder when 48117399 is divided by 85.
4
Calculate the remainder when 609405 is divided by 4416.
4413
Calculate the remainder when 1322816 is divided by 330525.
716
What is the remainder when 14046915 is divided by 1403?
79
Calculate the remainder when 1883217 is divided by 40889.
2323
What is the remainder when 88243 is divided by 8560?
2643
What is the remainder when 4302 is divided by 2025?
252
What is the remainder when 68086 is divided by 17019?
10
Calculate the remainder when 2692223 is divided by 897351.
170
Calculate the remainder when 36401620 is divided by 45.
40
What is the remainder when 505477 is divided by 22976?
5